3*f + 310. Suppose -3*x = 5*a - 480, a - 2*x + 6*x = f. List the prime factors of a.
2, 3
Suppose -24*w = -21*w - 465. List the prime factors of w.
5, 31
Let n be ((-4)/8)/((-1)/12). Suppose 0*q - n = 3*q. Let u(k) = k**3 + 4*k**2 - 1. What are the prime factors of u(q)?
7
Let c = -149 - -91. Let h = -130 - c. Let x = h - -101. List the prime factors of x.
29
Let b = -8644 + 12999. List the prime factors of b.
5, 13, 67
Let r be (-1 + -1)/(14 - 15). Suppose -5*t + 140 = r*t. What are the prime factors of t?
2, 5
Let a(q) be the first derivative of 2*q**3/3 + q**2/2 - 17*q + 21. What are the prime factors of a(7)?
2, 11
Let m(v) = -v - 7. Suppose 61 = -4*k + 5*u, -5*u + 16 = -2*k + 3*k. List the prime factors of m(k).
2
Let g(k) = -k**3 - 4*k**2 - 6*k - 2. Let x be g(-2). Let p(c) = 2 + c**2 - 3 + c + x - 2. List the prime factors of p(-3).
5
Suppose -42 - 35 = 3*i + 5*j, -4*j = -i - 3. Let n = i - -16. List the prime factors of n/4 + (-214)/(-8).
2, 13
Suppose -2*d + 0*t + 8 = 3*t, -3*d - t = -12. Suppose 3*a + 13 + 2 = 0, d*a = v - 62. What are the prime factors of v?
2, 3, 7
Let g(x) = -5*x**3 + 13*x**2 + 37*x + 1. List the prime factors of g(-5).
2, 383
Suppose -5*r = 4*v - 4173, -4*v + 20*r - 22*r + 4182 = 0. What are the prime factors of v?
3, 349
Let y(q) = 44*q + 18. What are the prime factors of y(36)?
2, 3, 89
Suppose 4*y - 5*n = 108, 5*y = 4*y + 4*n + 16. List the prime factors of y.
2
Let t = -25 - -46. Suppose t = 2*r - 5*p + 3, 5*r - 3*p = 64. What are the prime factors of r?
2, 7
Suppose -2 = 2*a - 4. Let r be (-4 - (-2 - a)) + -1. List the prime factors of ((-36)/(-10))/(r/(-5)).
3
Let g(w) = 15*w**2 - 4. Let x(j) = 45*j**2 - j - 13. Let y(m) = 7*g(m) - 2*x(m). What are the prime factors of y(-2)?
2, 3
Suppose 0 = -4*o + 5*y - 2*y + 15, 2*o - 25 = 5*y. Let c(b) = b**3 + b + 20. Let a be c(o). Let d = a - 11. List the prime factors of d.
3
Let m be (6 + -4 - 0 - 3) + -531. What are the prime factors of m/(-16) - 6/24?
3, 11
Suppose -9*v + 611 = -406. Suppose -3*x - v = -416. What are the prime factors of x?
101
Suppose 28 + 37 = 5*s. Let h = s + 16. Let n = h + -19. What are the prime factors of n?
2, 5
Suppose 0 = -22*q + 17*q - 185. Let h = 95 + q. List the prime factors of h.
2, 29
Let s(o) = -o**2 - 20*o + 45. Let f be s(-24). Let z = -25 - f. What are the prime factors of z?
2, 13
Let b(f) = f**2 + 3*f - 11. Let a be b(-6). Suppose 2*x + a = -1. Let v = x + 8. List the prime factors of v.
2
Let c(x) = -x**2 + 33. Let t be c(0). List the prime factors of (t/6)/(1/20).
2, 5, 11
Suppose 132 = 3*j - 501. List the prime factors of j.
211
Let k(y) = -270*y + 251. What are the prime factors of k(-6)?
1871
List the prime factors of 476/(-42)*(1 + -4) + 3.
37
Suppose 5*g - 5*t + 334 = g, -2*g - 2*t - 176 = 0. Let s = -48 - g. What are the prime factors of s?
2, 19
Let p = 42 + 49. Suppose -p = -4*k + 5*h, -3*k + 2*h + 51 = -26. List the prime factors of k.
29
Let g(u) = u + 15. Let l be g(-12). Suppose l*x - 30 = -2*x. List the prime factors of (-33)/22*(-212)/x.
53
Let i(y) = -2*y + 6. Let c be i(10). Suppose 0*u = -5*u - 5. What are the prime factors of 5/((-10)/c) - u?
2
Let n = -1327 + 2266. What are the prime factors of n?
3, 313
Suppose 301*u - 2632 = 297*u. What are the prime factors of u?
2, 7, 47
Suppose 0 = -4*z - 3*o + 2917, -32*z + o = -30*z - 1461. List the prime factors of z.
2, 5, 73
Let t be ((-9)/(-4))/(9/48). Let s = t - 12. Suppose 5*x + 4*l - 3*l - 140 = s, x + 3*l = 14. What are the prime factors of x?
29
What are the prime factors of 1*(6 - 4) + 325?
3, 109
Let g(n) = -n**3 - 8*n**2 - 9*n - 8. Let m be g(-7). Let y(t) = -9*t - 4*t + m*t + 3. What are the prime factors of y(-4)?
31
Let q(w) = -w**3 - 5*w**2 - 4*w + 1. Let o be q(-4). Let z be 10/15*9*o. Suppose -4*t + z*t = 32. List the prime factors of t.
2
Let a(s) = -4 - 5 + 5 - s. Let t be a(-7). Suppose -3*v + h = -98, t*v - h - 97 = h. What are the prime factors of v?
3, 11
Let x = 86 - 51. Suppose -2*p - 15 = -5*p - 3*l, -5*p + x = -5*l. What are the prime factors of -1 - 3*p*-3?
53
Let v(g) = -13*g - 6. Suppose -5*q - 4*t + 20 = t, -q = 5*t. Let l = q - 9. List the prime factors of v(l).
2, 23
Suppose 6*o - 3972 - 2124 = 0. What are the prime factors of o?
2, 127
Suppose 2*i + 164 = -u + 1509, 10 = -2*u. List the prime factors of i.
3, 5
Let y(p) = p**2 - 5*p + 2. Let a be y(5). Suppose -v + a*v = 60. Suppose j - v = -3*j. What are the prime factors of j?
3, 5
Let a(n) = n**3 + 30*n**2 + 49*n + 54. What are the prime factors of a(-26)?
2, 7, 53
Let r = -1155 + 2323. What are the prime factors of r?
2, 73
List the prime factors of ((-4212)/10)/(1182/120 - 10).
2, 3, 13
Suppose 18*u + 5*u + 138 = 0. Suppose 4*p = -3185 + 401. List the prime factors of u/(-21) - p/14.
2, 5
Suppose -m = -4*m. Suppose m = 9*b - 12*b. Suppose b*j + 3*j = c - 12, 3*c = -j + 86. List the prime factors of c.
3
Suppose 8663 = 12*x + 695. List the prime factors of x.
2, 83
Let f(a) = -a**3 - 22*a**2 - 33*a + 43. What are the prime factors of f(-23)?
11
Suppose 5*l - 4 = 11. Suppose -l*w = -5 - 4. Suppose -y - 3*a = -a - 31, 0 = -w*y - 3*a + 84. What are the prime factors of y?
5
Let f(g) = -g**2 - 9*g - 13. Let m(a) = 1. Let c(r) = -f(r) - m(r). Let l be c(-9). Let o = -6 + l. What are the prime factors of o?
2, 3
Let c(y) = -y**3 - 6*y**2 - 8*y - 1. Let j be c(-6). Suppose 2*s = -2*z - 18 + 48, -3*s = z - j. What are the prime factors of s?
2
Let w = -16 + 32. Let m = 22 - w. List the prime factors of m.
2, 3
Suppose -196*k - w - 5725 = -198*k, -5*k + 2*w = -14310. List the prime factors of k.
2, 5, 11, 13
Let i be (0 - -1)/(3 + -4). Let m be ((-31 + -3)/2)/i. Let y = 71 - m. What are the prime factors of y?
2, 3
Let g be (3/9)/((-7)/(-63)). List the prime factors of (-7 + (g - 8))*39/(-2).
2, 3, 13
Let i be (-5 + 4)/((-3)/9). Suppose -3*k + h = -363, 0 = -i*h + 2*h + 3. List the prime factors of k.
2, 61
Let j = -68 - -76. List the prime factors of (252/j)/((-6)/(-16)).
2, 3, 7
Suppose 7*d = -x + 9*d + 2556, 2*x + 2*d = 5136. What are the prime factors of x?
2, 641
Suppose 60*q - 68*q = -2488. What are the prime factors of q?
311
Let w(n) = 6*n**2 - 6*n - 7. Let f(t) = -t**2 + t + 1. Let m(l) = -14*f(l) - 2*w(l). Suppose j + 5 = 10. List the prime factors of m(j).
2, 5
Let g be (12/20)/(1/5). Suppose 0 = 4*f + 3*d - 12, -4*d + 13 + 3 = -g*f. Suppose f*k - 5*k = -240. What are the prime factors of k?
2, 3
List the prime factors of ((-1324)/(-8)*-2)/((-15)/135).
3, 331
Let b = -5 + 2311. What are the prime factors of b?
2, 1153
Let s = 7 + -2. Suppose 81 = -s*x + 31. List the prime factors of (1*3)/(x/(-130)).
3, 13
Let i be (2900/60)/(2/6). Suppose -52 = -k + 3*u, -2*k - 26 = -u - i. What are the prime factors of k?
61
Let d = 79 - 78. Let j be 247/6 + 3/(-18). Let c = j - d. What are the prime factors of c?
2, 5
Let s = 56 + -51. Suppose -5*c = s*a - 535, -5*a = -3*c + 54 + 251. What are the prime factors of c?
3, 5, 7
Let b = 246 - 176. Suppose 17*i = 15*i + b. What are the prime factors of i?
5, 7
Let z(h) = 5*h - 5. Let a be z(6). Let p be a/(-2)*(-240)/25. Let y = p - 67. What are the prime factors of y?
53
What are the prime factors of ((-45)/6 - -7)*-1618?
809
Let x be ((-2)/(-6))/(2/6)*277. Suppose 2*d = x + 91. What are the prime factors of d?
2, 23
Let l be (1/(-3))/((-4)/60). Let k(s) = -5*s + 3*s**2 - s**3 - l*s**2 + 2*s**2 + 1 - 5*s**2. What are the prime factors of k(-4)?
5
Suppose 0 = -3*v - 0*v + 219. Let g = v + -45. List the prime factors of g.
2, 7
Let a be (-5 + 3 - 0)/2 + 10. Suppose a*t - 473 = 1516. List the prime factors of t.
13, 17
Let k(r) = -4*r - 41. Let a(n) = -1. Let d(l) = -4*a(l) + k(l). What are the prime factors of d(-18)?
5, 7
Let k(w) = -268*w + 18. Let p be k(-2). Suppose -2*l + p = 4*n, 2*l + 145 = 3*n - 281. List the prime factors of n.
2, 5, 7
Let v be (4/(-6) - 0)*-507. Suppose -4*o + 284 = 5*z, -5*o + 0*z + v = 2*z. What are the prime factors of o?
2, 3, 11
Let o(x) = 489*x**2 - x + 1. List the prime factors of o(1).
3, 163
Let o(q) = q**2 - 4*q + 3. Let t be o(4). Suppose 6*g - 105 = t*g. What are the prime factors of g?
5, 7
Suppose -4*u - 133 = -3*s, -u = s + 4*s + 62. Let a = 55 + u. What are the prime factors of a?
2, 3
Let p(v) 